r?
True
Is 13810849729 a prime number?
True
Is 145355099227 prime?
False
Is 971620511 a prime number?
True
Is 18322598939 prime?
True
Is 19790903 a prime number?
False
Is 7657996109 composite?
False
Is 3256455149 a prime number?
True
Is 5840845297 prime?
False
Is 25922136029 a prime number?
True
Is 83212891 composite?
True
Is 18766507181 prime?
True
Is 11010111851 prime?
True
Is 11284613449 a prime number?
False
Is 19869724987 a prime number?
False
Is 79013111473 a prime number?
False
Is 1231238537 a prime number?
True
Is 479705417 composite?
False
Is 494104427 composite?
True
Is 2958191141 a prime number?
False
Is 210073921 composite?
True
Is 85025808223 prime?
True
Is 4416455957 a prime number?
True
Is 498130231 a composite number?
True
Is 975781307 a composite number?
False
Is 5324177851 a prime number?
False
Is 4295835157 composite?
True
Is 1484324533 composite?
True
Is 179946433 composite?
True
Is 685073993 a composite number?
False
Is 162853333 prime?
False
Is 33168745691 a composite number?
False
Is 23616683609 composite?
True
Is 58193511059 prime?
True
Is 37153735271 composite?
False
Is 693006191 a composite number?
True
Is 59847691 a prime number?
True
Is 6465776833 a prime number?
True
Is 6032846683 a prime number?
True
Is 44317092761 a composite number?
False
Is 187196115143 a prime number?
True
Is 20141231009 prime?
False
Is 3679406131 a composite number?
True
Is 8560293337 a prime number?
True
Is 1595110229 prime?
False
Is 859087729 a prime number?
False
Is 6883790513 a composite number?
True
Is 74425944287 prime?
False
Is 10253022893 composite?
False
Is 30168216517 composite?
False
Is 4841261429 prime?
False
Is 129336353 a prime number?
False
Is 249810353 a prime number?
False
Is 49475191 a prime number?
True
Is 11151100379 prime?
True
Is 116666945831 a prime number?
True
Is 54730318001 a composite number?
False
Is 1979761427 prime?
False
Is 338509589 prime?
False
Is 52016147 a composite number?
True
Is 96327311237 a prime number?
True
Is 1667896337 a composite number?
False
Is 669816058 a composite number?
True
Is 514313633 a composite number?
False
Is 3372054437 a prime number?
True
Is 2128053907 a composite number?
True
Is 3400492439 prime?
False
Is 325949957 composite?
True
Is 33700336291 prime?
False
Is 10819691789 composite?
True
Is 680602297 a prime number?
False
Is 196922651 a prime number?
False
Is 11210877649 a composite number?
True
Is 2380416593 a composite number?
True
Is 1728885331 a composite number?
True
Is 494646091 composite?
True
Is 190217537 a prime number?
True
Is 100367821 composite?
True
Is 14890036069 prime?
True
Is 1128368927 a prime number?
False
Is 4999777307 prime?
False
Is 32360975869 a prime number?
True
Is 12604921661 a prime number?
True
Is 1110683509 a composite number?
True
Is 252252203 composite?
True
Is 7173953389 composite?
False
Is 18137506237 a prime number?
True
Is 163942609667 composite?
False
Is 4093860895 a composite number?
True
Is 68251324423 composite?
True
Is 29025613079 a composite number?
False
Is 137722379 prime?
True
Is 451263031 composite?
False
Is 6864796181 a composite number?
False
Is 374091863 a prime number?
True
Is 801530591 composite?
True
Is 1939341631 prime?
False
Is 3379573619 prime?
True
Is 9374498773 a composite number?
False
Is 696109543 prime?
True
Is 24190742743 prime?
True
Is 3858467737 prime?
False
Is 580377761 prime?
False
Is 903259787 a prime number?
True
Is 2252715491 composite?
True
Is 5413685567 prime?
True
Is 13339517545 a composite number?
True
Is 3271845587 a composite number?
False
Is 9948106573 a composite number?
True
Is 1233470477 composite?
False
Is 5164905274 prime?
False
Is 4546673 composite?
True
Is 29917241561 a composite number?
True
Is 2725322953 prime?
True
Is 649249543 a composite number?
True
Is 86376888257 a composite number?
True
Is 1276244243 prime?
True
Is 1277428847 a prime number?
False
Is 5919992907 composite?
True
Is 7831638019 a prime number?
False
Is 276396583 a prime number?
True
Is 149225291 composite?
False
Is 20423046935 composite?
True
Is 7682271269 prime?
False
Is 1916060777 a prime number?
True
Is 1878877513 a composite number?
False
Is 13648804153 a prime number?
True
Is 21903709 a prime number?
True
Is 738885493 prime?
True
Is 739992535 a composite number?
True
Is 835723513 prime?
False
Is 1099115701 a prime number?
False
Is 685742377 a composite number?
True
Is 1222706539 a prime number?
False
Is 378482609 a composite number?
False
Is 3062545817 prime?
True
Is 1152937921 a composite number?
False
Is 391137811 a composite number?
False
Is 3527187361 a composite number?
True
Is 15338228719 prime?
False
Is 19690785221 a prime number?
False
Is 5708713171 composite?
True
Is 5057237777 prime?
True
Is 7906578607 composite?
True
Is 9574544737 composite?
False
Is 385939159 a prime number?
True
Is 81106797535 prime?
False
Is 568903899 composite?
True
Is 1372500329 prime?
True
Is 6858869 prime?
True
Is 10328486251 a composite number?
True
Is 196092307 composite?
False
Is 69624898261 a prime number?
True
Is 101703971 a composite number?
False
Is 251734697 prime?
False
Is 18653894767 a prime number?
True
Is 163389000469 prime?
True
Is 2706704701 composite?
False
Is 267490813 composite?
True
Is 107264160461 a prime number?
False
Is 148362833 composite?
True
Is 42043387 composite?
True
Is 1658701559 composite?
False
Is 5540932597 a composite number?
False
Is 18367749089 a composite number?
False
Is 17150729 a composite number?
True
Is 1369042361 composite?
False
Is 1140685829 composite?
True
Is 6480902539 composite?
True
Is 2752547723 composite?
True
Is 443060599 composite?
True
Is 1136153489 composite?
True
Is 308599505977 prime?
False
Is 19507623326 composite?
True
Is 130534753723 prime?
False
Is 3812048711 a composite number?
False
Is 470109443 a composite number?
True
Is 22721443903 composite?
False
Is 3414295301 a prime number?
True
Is 4385066821 a prime number?
True
Is 724542967 prime?
True
Is 8330220841 a composite number?
False
Is 32573279 a prime number?
False
Is 1781208673 a prime number?
True
Is 1160209223 composite?
False
Is 29507319229 a composite number?
True
Is 120540989753 prime?
False
Is 39557988583 a composite number?
False
Is 1090406579 composite?
False
Is 520243117 prime?
True
Is 46715894327 prime?
False
Is 348349051 prime?
True
Is 17116077109 a prime number?
True
Is 176992799 a prime number?
False
Is 10826867239 prime?
True
Is 6063991397 a prime number?
True
Is 424767046381 a prime number?
True
Is 5877897113 a composite number?
True
Is 11950636987 composite?
True
Is 3975033121 a prime number?
False
Is 46663008959 a prime number?
False
Is 2739677497 prime?
False
Is 33184515433 a prime number?
False
Is 1137296099 prime?
False
Is 762225877 a composite number?
True
Is 6333842343 prime?
False
Is 136052867 composite?
False
Is 74881669493 a prime number?
True
Is 5866267241 prime?
True
Is 99349279 a prime number?
True
Is 1035633037 a prime number?
False
Is 3639009997 a composite number?
True
Is 781666793 composite?
True
Is 3163670303 a prime number?
False
Is 1465849811 a composite number?
True
Is 6003940733 composite?
True
Is 4452991511 a composite number?
False
Is 395570849 composite?
False
Is 7474286333 a composite number?
True
Is 22288342379 a prime number?
True
Is 2858051195 composite?
True
Is 1002565517 a composite number?
False
Is 118023943 composite?
True
Is 13891110069 composite?
True
Is 67858439 a prime number?
False
Is 131250983953 composite?
False
Is 297433249055 a composite number?
True
Is 3155230465 a composite number?
True
Is 3189573389 composite?
True
Is 1828244879 prime?
False
Is 399277717 composite?
False
Is 7806954209 prime?
True
Is 15262581605 composite?
True
Is 785187257 a prime number?
True
Is 18605843785 a prime number?
False
Is 2997632173 a prime number?
True
Is 116133907 composite?
True
Is 64431221891 a composite number?
False
Is 624090307 a composite number?
False
Is 1643529137 a composite number?
False
Is 47894887597 composite?
False
Is 59389856003 a prime number?
True
Is 8086974811 composite?
True
Is 2069860742 a prime number?
False
Is 75015379 prime?
False
Is 549976627 composite?
False
Is 95434453 a composite number?
False
Is 9352177871 composite?
True
Is 5364300197 a prime number?
True
Is 